actors of m?
3, 7
Let o(k) = -k - 5*k**2 + 3*k - 6 - k**2 + 2*k**2 + k**3. List the prime factors of o(4).
2
Suppose -5 = 3*k - 2*c + 6, -2*c + 13 = -5*k. What are the prime factors of (18*(k + 0))/(-2)?
3
Let z be 2 - (3 + -113)/1. Suppose 5*k = 2*g + z, -3*k - 2*g = g - 84. What are the prime factors of k?
2, 3
Suppose -4*b + 4*v = -164, -5*v - 167 = -3*b - 46. What are the prime factors of b?
2, 3, 7
Let b = 3 + -1. What are the prime factors of (b + -1 - -4)/1?
5
Suppose 666 + 834 = 10*m. List the prime factors of m.
2, 3, 5
Suppose f - 4*a - 11 = 2, -f - 5*a = 5. Let w(y) = y**3 - 4*y**2 - 5*y + 4. Let g be w(f). Suppose 5 = n - g. List the prime factors of n.
3
Suppose 2*c = -5*f + 16, 2*c + 1 = 4*f - 1. Let h be (-4*1)/(f + -1). What are the prime factors of (-4)/h - 5/(-1)?
2, 3
What are the prime factors of -22*(-2)/8*4?
2, 11
Let y = -5 - 5. List the prime factors of ((-15)/(-25))/((-2)/y).
3
Let x = 2 - -1. Suppose 0*y + y = 5*k - 3, -x*k = y + 35. Let f = 32 + y. List the prime factors of f.
3
Let g = 297 + -164. List the prime factors of g.
7, 19
Let l = -85 - -269. List the prime factors of l.
2, 23
Let d = 2 - -19. Let b = 13 - d. List the prime factors of 2 + -3 - (b - 2).
3
Suppose -5*c = 7*d - 2*d - 490, 384 = 4*d + 2*c. What are the prime factors of d?
2, 47
Let y = 36 + -19. List the prime factors of y + -3 + 1/(-1).
13
Let d(q) = q**3 - 7*q**2 + 7*q - 2. Let z be d(6). Suppose -3*b = -z*b. Suppose 0 = -y - b + 7. List the prime factors of y.
7
Suppose 3*b + 5*j = -14 - 26, b = j - 8. Let w = 13 + b. What are the prime factors of w?
3
Suppose q - t = 2*q - 76, t + 410 = 5*q. What are the prime factors of q?
3
Let n(b) = -2*b - 6. Suppose -5*y + f = -f + 33, y - 2*f + 13 = 0. Let c be n(y). Let d = c + -1. List the prime factors of d.
3
Let v(s) = 4*s - 5*s - 9*s + 4. List the prime factors of v(-3).
2, 17
Suppose 0 = r - 4*m - 321, 2*r - m = r + 330. What are the prime factors of r?
3, 37
Let n = 0 + 0. Suppose 0 = -2*j - n + 2, -3*c - 3*j + 60 = 0. List the prime factors of c.
19
List the prime factors of 9/1*(-6 - -8).
2, 3
Suppose -16 = -6*o + 2*o. Suppose o*s + 95 = -s. What are the prime factors of s/(-4) - (-3)/12?
5
Suppose -2*a + 5*q + 5 = -a, 4*q = 4*a - 36. Suppose s - 6 - 19 = -4*g, -a = -2*g. What are the prime factors of s?
5
Let b = 681 - 466. List the prime factors of b.
5, 43
Let y(i) = -14*i + 7. List the prime factors of y(-4).
3, 7
Suppose 5*v - 27 - 33 = 0. Suppose -4*f + f = v. What are the prime factors of f/((1 - 0)/(-4))?
2
Let w(j) = j**3 + 5*j**2 - 6*j - 7. List the prime factors of w(-5).
23
Let m(v) = 3*v + 6. Let j be m(5). Let s = -11 + j. List the prime factors of s.
2, 5
Suppose -187 - 219 = -4*b + 2*l, 4*b = -3*l + 421. What are the prime factors of b?
103
List the prime factors of -7*6/(-24)*164.
7, 41
Let i(y) = 20*y**2 - 38*y + 24. Let s(q) = 7*q**2 - 13*q + 8. Let r(u) = 6*i(u) - 17*s(u). What are the prime factors of r(6)?
2
Let r(f) = -f**3 - 3*f**2 + 3*f + 6. Let a be (-5)/(15/(-4))*-3. List the prime factors of r(a).
2, 5
Suppose 4 = 2*n - j - 1, -3*j = 3*n + 15. What are the prime factors of 3 - (-2 - (n + -3))?
2
Suppose 4*l - l = -4*p + 218, 8 = -4*l. List the prime factors of p.
2, 7
Suppose 4*r + 2*k - 1 - 1 = 0, -5*r + 20 = -k. Suppose 0 = r*m - 7*m. Let c = 2 + m. What are the prime factors of c?
2
Suppose 136 = 5*h + z, 0 = -4*z + 5*z - 1. List the prime factors of h.
3
Let d be 116*((-3)/(-12)*-6)/3. Suppose -3*m - 143 = -4*b, -5*b - 49 = 5*m + 131. Let v = m - d. List the prime factors of v.
17
Let q(v) = -v**3 - 9*v**2 + 10*v - 3. Let j be q(-10). List the prime factors of 1/(-3) + (-37)/j.
2, 3
Suppose 0 = 3*g - 4*g + 3. List the prime factors of (100/30)/(2/g).
5
Let l(n) = 4*n**2 + n + 1. Let u be l(-3). Suppose 5*h - 4 = -u. Let m(j) = j**2 + 7*j + 9. What are the prime factors of m(h)?
3
Let b(w) = 0*w**2 + w**3 + 2*w**2 - 3 + 2*w**2 - 6*w. Let j be b(-5). List the prime factors of -7*(1 - j) + 2.
3
Suppose -6*m = -5 - 13. Suppose 0 = -s + m*s + 4*l - 116, -l + 5 = 0. What are the prime factors of s?
2, 3
Suppose -6*y = -3*y. Let m(l) = -l**3 + l**2 + l + 4. Let o be m(y). Suppose 4*n - 52 = -q - q, 72 = o*n - 3*q. What are the prime factors of n?
3, 5
Let v(c) = -c**2 + 7*c - 9. Let n be v(6). Let d(r) = -r**3 - r**2 - r + 2. What are the prime factors of d(n)?
23
Suppose -6 = -i - 2*i + 2*j, 2*i = -j + 4. List the prime factors of -10*(i + 0 + -6).
2, 5
Let r be 24/(-14) + (-12)/42. List the prime factors of 8/r*(-7 + 0).
2, 7
Let b(a) = -a**3 - 4*a**2 + 3*a - 6. Let j be b(-5). Suppose 28 = -j*y + 4*t + 100, 5*y = 4*t + 85. List the prime factors of y.
13
Suppose 4*g = 12, 4*y = g + 26 + 51. Suppose 0*d + y = 4*d. Suppose -5*f + f = 2*h - 14, 0 = d*h - f - 46. List the prime factors of h.
3
Let d = 89 + -63. Let y = d - 13. List the prime factors of y.
13
Let k(u) be the third derivative of -u**4/24 + 13*u**3/6 - u**2. List the prime factors of k(0).
13
Let k = 3 + 80. List the prime factors of k.
83
Suppose -4 = -2*r - 14, 3*r + 1 = 2*y. Let g = y - -5. What are the prime factors of ((-16)/(-12))/(g/(-9))?
2, 3
Let n be (8/28)/(2/14). Suppose 3*f = n*f + 15. List the prime factors of f.
3, 5
Let t(d) = 2*d + 12. What are the prime factors of t(7)?
2, 13
Let r(w) = -1 + 3*w**2 - 2*w**2 + 3*w**2 - w + w**2. What are the prime factors of r(2)?
17
Let q(i) = -i**3 - 11*i**2 + i + 14. Let u be q(-11). Let l = 0 + u. Suppose l*x - 90 = -24. What are the prime factors of x?
2, 11
Let w(j) = -j**2 - 8*j + 12. Let z be (108/(-12))/(-1 + 2). What are the prime factors of w(z)?
3
What are the prime factors of (-469)/(-2) + ((-6)/(-4) - 2)?
2, 3, 13
Suppose -10 = 2*d + 6. Suppose 0 = r - 4, 2*r = 3*k + 68. Let s = d - k. What are the prime factors of s?
2, 3
Let a = -18 + 32. List the prime factors of a.
2, 7
Let o(k) = -k**2 + k. Let p(g) = g - 10. Let q be p(8). Let v be o(q). Let x(t) = t**2 + 3*t - 1. What are the prime factors of x(v)?
17
Suppose 4*r = 5*k + 17, -r - 6*k = -2*k + 22. Let w be 21/(r*1/(-2)). List the prime factors of (-1)/(-2 + w/11).
11
Suppose -3*n = -2*k - 28 - 212, -3*k = -2*n + 160. List the prime factors of n.
2, 5
Let o be -4*(-2)/12*222. Let g = o + -100. Suppose 0 = -4*w - 2*z + 44, z - g = -4*w - 3*z. What are the prime factors of w?
2, 5
Let o = -60 + 94. List the prime factors of o.
2, 17
Let i(z) = -z**2 - 3*z + 1. Let g be i(-3). Let p be (g/3)/(1/15). Suppose 4*u - 38 = 2*m, -2*u - m + 4 + p = 0. What are the prime factors of u?
7
Suppose -j = 3*z - 260 + 74, 2*j + 4*z - 372 = 0. List the prime factors of j.
2, 3, 31
Let u = 12 + -9. Suppose 3*m - 30 + u = 0. List the prime factors of m.
3
Suppose 10 = -i + 3*i. Suppose 10 = -0*t + 2*t + i*l, 0 = t + 5*l. Let c = 27 - t. List the prime factors of c.
17
Let y(v) be the second derivative of -v**3/6 + 7*v**2 - 7*v. List the prime factors of y(0).
2, 7
Suppose -5*i + 40 = -i. List the prime factors of i.
2, 5
Let k = 21 - 25. List the prime factors of k/(-1 + (-5)/(-6)).
2, 3
Let t(m) = m**3 + m**2 + m + 37. Let r(u) = u + 3. Let o be r(-3). What are the prime factors of t(o)?
37
Suppose -5*r + 20 + 0 = -2*i, r - 3*i - 17 = 0. Let q(l) = 14*l**r - 16*l + 4 + 4*l**2 + 3*l - 7*l**2 + l**3. What are the prime factors of q(-12)?
2
Suppose -18 = t - 2*t + 2*b, t + 4*b = 48. What are the prime factors of t?
2, 7
Let w(f) = 10*f - 2. Suppose -2*i - i = 3*p - 15, -i - 5*p = -17. What are the prime factors of w(i)?
2, 3
Suppose 2*j = 55 + 243. What are the prime factors of j?
149
Let a(v) = v**3 + 5*v**2 - v + 7. Suppose 3*w - 2*q = -11, 0 = 4*w - 0*q + q + 22. List the prime factors of a(w).
2, 3
Let l(a) = -a**3 - 9*a**2 + 11. What are the prime factors of l(-9)?
11
Let y(a) be the third derivative of -a**5/60 - 5*a**4/12 - a**3/2 - 3*a**2. List the prime factors of y(-8).
13
Suppose 0 = -n - 2*n + 6. List the prime factors of n.
2
Let k(q) = -q**3 + 9*q**2 - 9*q + 9. Let u be k(8). Let o = u - -1. Suppose -2*m = o*m - 36. List the prime factors of m.
3
List the prime factors of 12/9 - (-1022)/21.
2, 5
Suppose 5*s = 3*s - 4. Let i(a) = 4*a**3 + 3*a**2 + 3*a + 2. Let p be i(s). Let n = -17 - p. What are the prime factors of n?
7
Let x be ((-6)/9)/(4/12). What are the prime factors of -18*(x/(-3))/